0*p = 59. List the prime factors of p.
59
Suppose 5*n - 26 = 39. Let r = -11 + n. Suppose r*v - 5*d = 10, 27 = v + 4*d - 4. List the prime factors of v.
3, 5
Let o(b) = -b**3 - 16*b**2 + 19*b + 23. Let v be o(-17). Let y = -12 - v. What are the prime factors of -2 + (-21)/y + 0?
19
Suppose -7*l + 8*l + 2 = 0, 4*y + 2*l = 10468. List the prime factors of y.
2, 7, 11, 17
List the prime factors of 4672/(-16)*(-3)/2.
2, 3, 73
Let u(r) = 15*r**2 + r. Let l be u(-1). Suppose -54 = l*i - 16*i. List the prime factors of i.
3
Suppose -o + 2 = -1066. List the prime factors of o.
2, 3, 89
List the prime factors of ((-1940)/(-14))/((-15 + 6)/(-63)).
2, 5, 97
Suppose -3*z = 3*k - 10137, -k - 2*z - 3*z + 3379 = 0. What are the prime factors of k?
31, 109
Let v(w) = 151*w - 694. List the prime factors of v(19).
3, 5, 29
Let t(b) = -b**3 + b**2 - 4*b + 5024. List the prime factors of t(0).
2, 157
Let h(a) = 261*a**2 - a + 4. List the prime factors of h(-3).
2, 19, 31
Let c(w) be the third derivative of 19*w**5/30 + w**4/12 - w**3/3 - w**2. List the prime factors of c(1).
2, 19
Let z = 15 - 8. Suppose -4*b = 4*o + 4, -4*b + 5*o = -6*b + z. List the prime factors of ((-23)/2)/(b/8).
23
Let v be 9*1 - (-5 + 7 + 1). Let t = v + 32. List the prime factors of t.
2, 19
What are the prime factors of 5/((-45)/(-72)) + 1583?
37, 43
Let s(y) = y**2 - 3*y - 2. Let a be s(-2). Suppose -3*n - 15 = -a*n. Suppose n*c = 4*m + 15 + 4, 90 = 5*c + 5*m. What are the prime factors of c?
13
Let u(a) = -56*a + 40. Let z(t) = -19*t + 13. Let o(p) = 3*u(p) - 10*z(p). What are the prime factors of o(7)?
2, 3
Suppose 821 = 4*i - y + 4*y, -6 = -2*y. Suppose 0 = 3*h - 2*a - 2*a - 362, -2*h = 5*a - i. List the prime factors of h.
2, 3, 19
Let o = 322 - -286. What are the prime factors of o?
2, 19
Let v(s) = -79*s**3 - 3*s**2 + 6*s. What are the prime factors of v(-2)?
2, 19
Suppose -157*k = -152*k - 370. What are the prime factors of k?
2, 37
Let u(f) = -226*f**2 + 10*f + 22. Let n(k) = -75*k**2 + 3*k + 7. Let t(z) = -16*n(z) + 5*u(z). What are the prime factors of t(1)?
2, 5, 7
Let n = -370 - -904. Let z = n - 295. List the prime factors of z.
239
Suppose -d + 29 = -r - 4, r + 3*d + 45 = 0. What are the prime factors of 8/r - (0 + (-7917)/27)?
293
Let l = -11 + 13. Let g(r) = 40*r - 3. List the prime factors of g(l).
7, 11
Suppose 0 = 4*w + 3*w + 7. List the prime factors of 28 - (-2 + (w + -3)/4).
31
Suppose x - 6*x - 3*s = -555, -213 = -2*x - 3*s. Let k = 122 - x. List the prime factors of k.
2
Suppose 2*m = 4*v + 1146, 16 = 3*v + v. What are the prime factors of m?
7, 83
Let c = 3714 - 1805. List the prime factors of c.
23, 83
Let b(s) be the third derivative of -s**5/6 + s**4/24 + s**3/3 - 4*s**2. Let p be b(-1). What are the prime factors of ((-42)/(-18))/((-1)/p)?
3, 7
Let t = -200 + 293. Suppose 3*x = -2*r + t, -5*r + 5*x + 270 = -0*r. What are the prime factors of r?
3, 17
Let q(w) = 8*w**2 - 5*w + 9. Let x be q(6). Suppose 3*u + 93 = x. List the prime factors of u.
2, 29
Let t be (-1504)/(-12)*3/2. Suppose -35*u + t = -33*u. List the prime factors of u.
2, 47
Let i(d) = 34*d + 23. List the prime factors of i(18).
5, 127
Suppose -3*v - 330 = -3*j, v = j + j - 114. Let n = v - -201. List the prime factors of n.
5, 19
Let w be 4 + 0 + 1 + 1. Suppose -2*p + 2*z + 25 = -49, 2*p - 5*z - 80 = 0. Suppose -w*a = -a - p. List the prime factors of a.
7
Let d(o) = -2*o**3 + 22*o**2 + 16*o - 18. Suppose 11*b - 131 + 10 = 0. What are the prime factors of d(b)?
2, 79
Suppose 0 = a - 2 - 0. Let u = -7 + 8. Suppose -55 = -a*y + u. List the prime factors of y.
2, 7
Suppose 13*x = -0*x + 12675. What are the prime factors of x?
3, 5, 13
Suppose 3*x = -3*a + 15660, 4*a - 26094 = -a - 7*x. What are the prime factors of a?
3, 1741
Suppose 0 = 8*j - 1009 - 3839. What are the prime factors of j?
2, 3, 101
Let t(x) = 5*x**2 - 2*x + 237. What are the prime factors of t(0)?
3, 79
Let k = -174 - -341. List the prime factors of k.
167
Suppose 8910 = -118*x + 136*x. List the prime factors of x.
3, 5, 11
Let x be 34/(-255) + 506/(-30). Let r(h) = -h**3 - 17*h**2 - 9*h + 17. What are the prime factors of r(x)?
2, 5, 17
Suppose -26 = -2*g - 0. Let a(h) = g + 2*h + 6*h - 5*h - h. List the prime factors of a(7).
3
Suppose -3*k = -13 + 124. Let c = 82 + k. What are the prime factors of c?
3, 5
Let p be 0/((2 - 3) + -2). Suppose p = -4*b + 2*b + 226. Let g = -63 + b. What are the prime factors of g?
2, 5
Suppose -4*h + 0*h = -3*d + 424, -3*d = -5*h - 425. Suppose 5*n - d = 3*i + 842, 0 = -n - 2*i + 199. List the prime factors of n.
197
Let p = -642 - -1396. Suppose 4*q = -2*c + p, -3*q - 2*c = c - 561. What are the prime factors of q?
2, 5, 19
Let a be 0 + (0 + 2)/(-2). Let f be a*((-53)/(-1) - 3). Let r = 12 - f. What are the prime factors of r?
2, 31
Suppose 235 = 7*a - 3. List the prime factors of a.
2, 17
Let k(w) = -4*w - 60. Let s be k(-11). Let f = -12 - -18. Let c = f - s. List the prime factors of c.
2, 11
Suppose 2*u + u - 18 = 0. Let j(m) = 3*m**2 + m + 2. Let v be j(u). Suppose -z = 2*n - 28, 2*z - 2*n - v = -3*z. List the prime factors of z.
2, 3
Let w(q) = 11 + 8 + q - 7 + q**2 + 0*q**2. Let f be w(0). List the prime factors of 1 + f - (-6 - -9).
2, 5
Let b = 145 - -304. What are the prime factors of b?
449
Let i(x) = 6*x + 3. Let m be i(6). Suppose -4*d - p + 180 - m = 0, 2*p = -6. List the prime factors of d.
2, 3
List the prime factors of 12/(-22) - (-247214)/242.
1021
Let w(s) = 3*s**2 + 38*s - 23. Let v be w(-16). Let l = v - 40. What are the prime factors of l?
97
Let v(z) = -z**3 - z**2 + 2*z - 1. Let u be v(-3). Suppose 4*b + 0*b - u = h, 12 = -3*h + 5*b. What are the prime factors of 12 - (-1 + h)/4?
2, 3
Let n be 3/((-6)/8) - -12. Let j(y) = -5*y - 7. Let s(i) = -11*i - 14. Let z(r) = -5*j(r) + 2*s(r). List the prime factors of z(n).
31
Suppose 2*o + 2*o - 2*h + 22 = 0, 4*o = -4*h - 16. Let q(b) be the third derivative of -b**5/60 - b**4/3 - b**3 - 60*b**2. What are the prime factors of q(o)?
3
Let d = 12 + 2. Let m = 20 + -12. Let w = d - m. What are the prime factors of w?
2, 3
Suppose 785 = 5*d - 5*o - 16610, -9*d - o + 31341 = 0. What are the prime factors of d?
2, 1741
Suppose 2*w - 3*w + 28 = 0. Let u(i) = w - 12 - 9 + 2*i. What are the prime factors of u(0)?
7
Let r = -5 + 13. Let k(t) = t - 6. Let c be k(r). Suppose j - c*j = -6. List the prime factors of j.
2, 3
Let j = 983 + -662. What are the prime factors of j?
3, 107
Let g be (0 - ((-20)/(-8) + -3))*-4. Let t(s) = -50*s - 5. List the prime factors of t(g).
5, 19
Let z = 5 + 22. Suppose z = 5*w - 4*w. What are the prime factors of w?
3
Let o = 404 + -65. What are the prime factors of o?
3, 113
Let y(p) = -8*p + 103. What are the prime factors of y(4)?
71
Let r(y) = 55*y - 12. What are the prime factors of r(13)?
19, 37
Let l(v) = -10*v + 1. Let p be l(-4). Let s(y) = -94*y - 694. Let j be s(-8). Let f = j - p. List the prime factors of f.
17
Let u = 1421 - 935. List the prime factors of u.
2, 3
Let v(b) = -b**2 - 4*b - 8. Let r be v(-6). Let q = r + 50. List the prime factors of q.
2, 3, 5
Let j be (-32)/12*63/(-12). Let o(d) = d - 2. Let t be o(j). Suppose -6*m + 8*m = t. What are the prime factors of m?
2, 3
Suppose -5*l - 3*k = -20623, 2*l + l + 5*k = 12361. What are the prime factors of l?
4127
Let x = 9 - 2. Let o(n) be the second derivative of n**3 - 13*n**2/2 + 22*n. List the prime factors of o(x).
29
Suppose 0 = 4*d - 9 + 1. Suppose 0 = -k - 8 + d. What are the prime factors of (13 + -2)*(-6)/k?
11
List the prime factors of (-516)/(-7 + 6) - 2.
2, 257
Suppose i + 2355 = 4*m, 0 = -8*i + 4*i + 3*m - 9420. List the prime factors of i/(-40) + 3/24.
59
Let l(p) = 23*p**2 - p - 4. What are the prime factors of l(3)?
2, 5
Let l = -89 - -1010. What are the prime factors of l?
3, 307
Let c(w) = -w**2 - 5*w + 9. Let i be c(-5). Let t(q) = -2 - 6*q + i*q + 8*q - 2. List the prime factors of t(4).
2, 5
What are the prime factors of (-16 + 13)/(((-6)/(-7172))/(-1))?
2, 11, 163
List the prime factors of (5 - (-235)/10)*(-208)/(-6).
2, 13, 19
What are the prime factors of 123848/40 + (-20)/75*-3?
19, 163
Let h = 6 - 6. Suppose d - 106 = 5*p, 2*d = 2*p - h*d + 44. List the prime factors of 1/(-3) - 511/p.
2, 3
Let d be (-3 + (-20)/(-8